{"id":10,"date":"2023-09-19T10:26:39","date_gmt":"2023-09-19T08:26:39","guid":{"rendered":"https:\/\/cestdelaviolence.be\/?page_id=10"},"modified":"2023-10-11T13:44:15","modified_gmt":"2023-10-11T11:44:15","slug":"le-cycle-de-la-violence","status":"publish","type":"page","link":"https:\/\/cestdelaviolence.be\/index.php\/je-me-pose-des-questions\/le-cycle-de-la-violence\/","title":{"rendered":"Le cycle de la violence"},"content":{"rendered":"\n<p>Le cycle de la violence met en avant 4 phases de la violence. Cet outil permet de comprendre les processus de la violence ainsi que son \u00e9volution. Ces quatres phases sont: la phase de tension, la phase d\u2019agression, la phase de justification et la phase de r\u00e9conciliation. Elles se succ\u00e8dent, se r\u00e9p\u00e8tent et s&#8217;acc\u00e9l\u00e8rent. Celles-ci peuvent se muer au fil du temps, en seulement deux phases, celle de la tension et puis celle de l\u2019agression qui se succ\u00e8dent sans justification et sans r\u00e9conciliation.<\/p>\n\n\n<div class=\"wp-block-image\">\n<figure class=\"aligncenter size-full\"><img loading=\"lazy\" decoding=\"async\" width=\"1024\" height=\"742\" src=\"http:\/\/cestdelaviolence.be\/wp-content\/uploads\/2023\/10\/1.3.-cycle-de-la-violence.png\" alt=\"\" class=\"wp-image-151\" srcset=\"https:\/\/cestdelaviolence.be\/wp-content\/uploads\/2023\/10\/1.3.-cycle-de-la-violence.png 1024w, https:\/\/cestdelaviolence.be\/wp-content\/uploads\/2023\/10\/1.3.-cycle-de-la-violence-300x217.png 300w, https:\/\/cestdelaviolence.be\/wp-content\/uploads\/2023\/10\/1.3.-cycle-de-la-violence-768x557.png 768w\" sizes=\"auto, (max-width: 1024px) 100vw, 1024px\" \/><\/figure>\n<\/div>\n\n\n<p>Sch\u00e9ma venant du site <a href=\"https:\/\/www.ecouteviolencesconjugales.be\/pourquoi-appeler\/victime\/cycle-de-la-violence\/\" target=\"_blank\" rel=\"noreferrer noopener\">\u00e9coute violence conjugale<\/a><\/p>\n\n\n\n<p>La personne qui subit est repr\u00e9sent\u00e9e par la couleur bleu turquoise et l\u2019agresseur\u00b7rice par la couleur la couleur bordeau.&nbsp;<\/p>\n\n\n\n<p>Il n\u2019est pas impossible d\u2019en sortir, n\u2019h\u00e9sitez pas \u00e0 consulter : <a href=\"https:\/\/cestdelaviolence.be\/index.php\/je-cherche-de-laide\/que-faire\/\">Que faire ?<\/a><\/p>\n","protected":false},"excerpt":{"rendered":"<p>Le cycle de la violence met en avant 4 phases de la violence. Cet outil permet de comprendre les processus de la violence ainsi que son \u00e9volution. Ces quatres phases sont: la phase de tension, la phase d\u2019agression, la phase de justification et la phase de r\u00e9conciliation. Elles se succ\u00e8dent, se r\u00e9p\u00e8tent et s&#8217;acc\u00e9l\u00e8rent. Celles-ci [&hellip;]<\/p>\n","protected":false},"author":1,"featured_media":0,"parent":30,"menu_order":3,"comment_status":"closed","ping_status":"closed","template":"","meta":{"footnotes":""},"class_list":["post-10","page","type-page","status-publish","czr-hentry"],"_links":{"self":[{"href":"https:\/\/cestdelaviolence.be\/index.php\/wp-json\/wp\/v2\/pages\/10","targetHints":{"allow":["GET"]}}],"collection":[{"href":"https:\/\/cestdelaviolence.be\/index.php\/wp-json\/wp\/v2\/pages"}],"about":[{"href":"https:\/\/cestdelaviolence.be\/index.php\/wp-json\/wp\/v2\/types\/page"}],"author":[{"embeddable":true,"href":"https:\/\/cestdelaviolence.be\/index.php\/wp-json\/wp\/v2\/users\/1"}],"replies":[{"embeddable":true,"href":"https:\/\/cestdelaviolence.be\/index.php\/wp-json\/wp\/v2\/comments?post=10"}],"version-history":[{"count":2,"href":"https:\/\/cestdelaviolence.be\/index.php\/wp-json\/wp\/v2\/pages\/10\/revisions"}],"predecessor-version":[{"id":152,"href":"https:\/\/cestdelaviolence.be\/index.php\/wp-json\/wp\/v2\/pages\/10\/revisions\/152"}],"up":[{"embeddable":true,"href":"https:\/\/cestdelaviolence.be\/index.php\/wp-json\/wp\/v2\/pages\/30"}],"wp:attachment":[{"href":"https:\/\/cestdelaviolence.be\/index.php\/wp-json\/wp\/v2\/media?parent=10"}],"curies":[{"name":"wp","href":"https:\/\/api.w.org\/{rel}","templated":true}]}}

<p>Le cycle de la violence met en avant 4 phases de la violence. Cet outil permet de comprendre les processus de la violence ainsi que son évolution. Ces quatres phases sont: la phase de tension, la phase d’agression, la phase de justification et la phase de réconciliation. Elles se succèdent, se répètent et s&#8217;accélèrent. Celles-ci peuvent se muer au fil du temps, en seulement deux phases, celle de la tension et puis celle de l’agression qui se succèdent sans justification et sans réconciliation.</p>


<div class="wp-block-image">
<figure class="aligncenter size-full"><img loading="lazy" decoding="async" width="1024" height="742" src="http://cestdelaviolence.be/wp-content/uploads/2023/10/1.3.-cycle-de-la-violence.png" alt="" class="wp-image-151" srcset="https://cestdelaviolence.be/wp-content/uploads/2023/10/1.3.-cycle-de-la-violence.png 1024w, https://cestdelaviolence.be/wp-content/uploads/2023/10/1.3.-cycle-de-la-violence-300x217.png 300w, https://cestdelaviolence.be/wp-content/uploads/2023/10/1.3.-cycle-de-la-violence-768x557.png 768w" sizes="auto, (max-width: 1024px) 100vw, 1024px" /></figure>
</div>


<p>Schéma venant du site <a href="https://www.ecouteviolencesconjugales.be/pourquoi-appeler/victime/cycle-de-la-violence/" target="_blank" rel="noreferrer noopener">écoute violence conjugale</a></p>



<p>La personne qui subit est représentée par la couleur bleu turquoise et l’agresseur·rice par la couleur la couleur bordeau.&nbsp;</p>



<p>Il n’est pas impossible d’en sortir, n’hésitez pas à consulter : <a href="https://cestdelaviolence.be/index.php/je-cherche-de-laide/que-faire/">Que faire ?</a></p>

<p>Le cycle de la violence met en avant 4 phases de la violence. Cet outil permet de comprendre les processus de la violence ainsi que son évolution. Ces quatres phases sont: la phase de tension, la phase d’agression, la phase de justification et la phase de réconciliation. Elles se succèdent, se répètent et s&#8217;accélèrent. Celles-ci [&hellip;]</p>
